{"id":92,"date":"2024-10-10T12:08:35","date_gmt":"2024-10-10T12:08:35","guid":{"rendered":"https:\/\/www.sippoin.fi\/?page_id=92"},"modified":"2024-10-14T13:58:15","modified_gmt":"2024-10-14T13:58:15","slug":"metodo-kehoaly-body-intelligence-portuguese","status":"publish","type":"page","link":"https:\/\/www.sippoin.fi\/index.php\/metodo-kehoaly-body-intelligence-portuguese\/","title":{"rendered":"Keho\u00e4ly\u00ae Body Intelligence\u00ae Portuguese"},"content":{"rendered":"\n<div style=\"height:55px\" aria-hidden=\"true\" class=\"wp-block-spacer\"><\/div>\n\n\n\n<h2 class=\"wp-block-heading alignwide has-text-align-center\" style=\"font-size:clamp(38.682px, 2.418rem + ((1vw - 3.2px) * 3.471), 72px);\"><strong>M\u00e9todo Keho\u00e4ly\u00ae Body Intelligence\u00ae<\/strong><\/h2>\n\n\n\n<div class=\"wp-block-group alignwide has-global-padding is-layout-constrained wp-container-core-group-is-layout-bea02a06 wp-block-group-is-layout-constrained\">\n<div style=\"height:45px\" aria-hidden=\"true\" id=\"Intro\" class=\"wp-block-spacer\"><\/div>\n\n\n\n<h2 class=\"wp-block-heading has-text-align-left has-body-font-family\" style=\"font-size:clamp(16.834px, 1.052rem + ((1vw - 3.2px) * 0.955), 26px);\">Bem-vindo \u00e0 biblioteca educacional do m\u00e9todo Keho\u00e4ly\u00ae Body Intelligence\u00ae. Abaixo, voc\u00ea encontrar\u00e1 v\u00eddeos de palestras e v\u00eddeos pr\u00e1ticos instrucionais sobre Keho\u00e4ly\u00ae Body Intelligence\u00ae.<\/h2>\n\n\n\n<p><em><strong>Here you can find information about Body Intelligence\u00ae in several languages, including English, French, Spanish, German, Portuguese, Italian, Danish, Dutch, Flemish, Swedish, and Finnish. You can select your preferred language from the menu in the top right corner.<\/strong><\/em><\/p>\n\n\n\n<div class=\"wp-block-group alignwide has-global-padding is-layout-constrained wp-block-group-is-layout-constrained\">\n<figure class=\"wp-block-image aligncenter size-large is-resized\"><img decoding=\"async\" src=\"https:\/\/sippoinfi.wordpress.com\/wp-content\/uploads\/2024\/09\/kehoaly-icon.png?w=756\" alt=\"\" class=\"wp-image-260\" style=\"width:70px\"\/><\/figure>\n<\/div>\n\n\n\n<p>O m\u00e9todo Keho\u00e4ly\u00ae Body Intelligence\u00ae foi criado e desenvolvido pelo especialista em bem-estar finland\u00eas Tapio Sippoin, que se especializa em treinamento corpo-mente e psicof\u00edsico. O m\u00e9todo Keho\u00e4ly\u00ae Body Intelligence\u00ae \u00e9 uma abordagem \u00fanica para a sa\u00fade que combina pr\u00e1ticas f\u00edsicas e mentais de maneira natural e pr\u00e1tica. Tapio Sippoin combina habilidosamente treinamento f\u00edsico e mental para criar pr\u00e1ticas harmoniosas e eficazes.<\/p>\n\n\n\n<p>O m\u00e9todo Keho\u00e4ly\u00ae Body Intelligence\u00ae enfatiza a conex\u00e3o entre o corpo e a mente, com base no princ\u00edpio de que o movimento serve como uma forma de medicina. Essa ideia fundamental est\u00e1 no cora\u00e7\u00e3o do m\u00e9todo e orienta toda a pr\u00e1tica. O Keho\u00e4ly Body Intelligence incorpora exerc\u00edcios psicof\u00edsicos suaves projetados para nutrir tanto o corpo quanto a mente, melhorando o bem-estar geral, aumentando a vitalidade e promovendo uma consci\u00eancia de si mais profunda. Ao contr\u00e1rio dos m\u00e9todos de fitness tradicionais que podem priorizar a exaust\u00e3o f\u00edsica e o esfor\u00e7o, o Keho\u00e4ly Body Intelligence foca na seguran\u00e7a e incentiva a escuta do corpo. Por meio de movimentos suaves, por\u00e9m eficazes, ele ativa as fun\u00e7\u00f5es corporais enquanto promove uma abordagem engajada ao movimento.<\/p>\n\n\n\n<p>Uma das pr\u00e1ticas fundamentais dentro do Keho\u00e4ly\u00ae Body Intelligence\u00ae \u00e9 a Forma Vital (El\u00e4v\u00f6itt\u00e4v\u00e4 liikesarja em finland\u00eas, Vital Form\u00ae em ingl\u00eas), apresentada pela primeira vez por Tapio Sippoin em 1983. Esta forma \u00e9 considerada o exerc\u00edcio mais essencial e fundamental dentro do sistema, servindo como base para todas as outras pr\u00e1ticas. A Forma Vital transcende o mero exerc\u00edcio f\u00edsico; ela ativa o corpo e a mente, guiando os praticantes em dire\u00e7\u00e3o a uma conex\u00e3o mais profunda com sua vitalidade interna. Esta s\u00e9rie de exerc\u00edcios promove harmonia entre os estados f\u00edsico e mental, e sua simplicidade inerente a torna acess\u00edvel a indiv\u00edduos de todos os n\u00edveis de condicionamento f\u00edsico. A natureza direta da Forma Vital assegura que todos, independentemente de seu ponto de partida, possam participar e se beneficiar de sua pr\u00e1tica.<\/p>\n\n\n\n<div style=\"height:20px\" aria-hidden=\"true\" class=\"wp-block-spacer\"><\/div>\n\n\n\n<div class=\"wp-block-group has-custom-color-3-background-color has-background has-global-padding is-layout-constrained wp-container-core-group-is-layout-ec001058 wp-block-group-is-layout-constrained\" style=\"border-style:none;border-width:0px;border-radius:30px;margin-top:0;margin-bottom:0;padding-top:var(--wp--preset--spacing--20);padding-right:var(--wp--preset--spacing--20);padding-bottom:var(--wp--preset--spacing--20);padding-left:var(--wp--preset--spacing--20)\">\n<h5 class=\"wp-block-heading\" style=\"font-size:clamp(15.747px, 0.984rem + ((1vw - 3.2px) * 0.86), 24px);\"><strong>Liga\u00e7\u00f5es<\/strong><\/h5>\n\n\n\n<p>Interview on November 11, 2022. Translation. The editor-in-chief of Uutisl\u00e4hde, Unto R\u00f6nkk\u00f6nen and Tapio Sippoin<\/p>\n\n\n\n<p style=\"margin-top:0;margin-bottom:0\"><a href=\"https:\/\/sippoin.blogspot.com\/2024\/09\/interview-on-november-11-2022.html\" target=\"_blank\" rel=\"noreferrer noopener\">https:\/\/sippoin.blogspot.com\/2024\/09\/interview-on-november-11-2022.html<\/a><\/p>\n\n\n\n<div style=\"height:10px\" aria-hidden=\"true\" class=\"wp-block-spacer\"><\/div>\n\n\n\n<p>Why is Keho\u00e4ly\u00ae Body Intelligence\u00ae so abundant, joyful, rich, lush, and life-affirming?<\/p>\n\n\n\n<p style=\"margin-top:0;margin-bottom:0\"><a href=\"https:\/\/sippoin.blogspot.com\/2024\/09\/why-is-kehoaly-body-intelligence-so.html\" target=\"_blank\" rel=\"noreferrer noopener\">https:\/\/sippoin.blogspot.com\/2024\/09\/why-is-kehoaly-body-intelligence-so.html<\/a><\/p>\n<\/div>\n\n\n\n<div style=\"margin-top:0;margin-bottom:0;height:45px\" aria-hidden=\"true\" class=\"wp-block-spacer\"><\/div>\n<\/div>\n\n\n\n<div class=\"wp-block-group alignwide has-global-padding is-layout-constrained wp-container-core-group-is-layout-71747b01 wp-block-group-is-layout-constrained\" style=\"margin-top:0px;margin-bottom:0px\">\n<div style=\"height:25px\" aria-hidden=\"true\" id=\"training-methods\" class=\"wp-block-spacer\"><\/div>\n\n\n\n<h2 class=\"wp-block-heading alignwide\" id=\"Tapio\" style=\"font-size:clamp(21.027px, 1.314rem + ((1vw - 3.2px) * 1.351), 34px);\">Keho\u00e4ly\u00ae Body Intelligence\u00ae: M\u00e9todos de Treinamento, Valores e Atitude<\/h2>\n\n\n\n<div style=\"height:20px\" aria-hidden=\"true\" class=\"wp-block-spacer\"><\/div>\n\n\n\n<p>O m\u00e9todo Keho\u00e4ly\u00ae Body Intelligence\u00ae \u00e9 constru\u00eddo sobre uma base de princ\u00edpios essenciais que guiam os praticantes na busca por equil\u00edbrio entre o corpo f\u00edsico e a mente. Essa abordagem enfatiza m\u00e9todos pr\u00e1ticos e orientados para a a\u00e7\u00e3o, que podem ser facilmente aplicados \u00e0 vida di\u00e1ria, tornando-a uma pr\u00e1tica vers\u00e1til e adapt\u00e1vel. Entre as pr\u00e1ticas mais importantes e renomadas dentro da estrutura do Keho\u00e4ly\u00ae Body Intelligence\u00ae est\u00e3o o m\u00e9todo de Pr\u00e1tica Suave (Gentle Practice), o m\u00e9todo de Haste Lenta (Slow Hustle) e o m\u00e9todo de Pr\u00e1tica Regular (Regular Practice). Esses m\u00e9todos incentivam uma abordagem equilibrada e reflexiva ao movimento, ajudando os praticantes a cultivar uma consci\u00eancia corporal mais profunda e melhorar seu bem-estar geral.<\/p>\n\n\n\n<div style=\"height:20px\" aria-hidden=\"true\" class=\"wp-block-spacer\"><\/div>\n\n\n\n<p>Um princ\u00edpio-chave no Keho\u00e4ly\u00ae Body Intelligence\u00ae \u00e9 a ideia de que &#8221;a funcionalidade \u00e9 a medida da verdade&#8221;, como frequentemente afirma Tapio Sippoin. Essa cren\u00e7a reflete a natureza pr\u00e1tica e orientada para resultados do m\u00e9todo, que se concentra em movimentos e pr\u00e1ticas que realmente melhoram a sa\u00fade e a vitalidade. A abordagem de Sippoin incentiva os praticantes a focar no que funciona para suas necessidades individuais e a permanecer flex\u00edveis em sua abordagem ao autocuidado. Ele tamb\u00e9m enfatiza que o passado de uma pessoa n\u00e3o dita suas oportunidades futuras. Ao adotar uma mentalidade de Keho\u00e4ly Body Intelligence, os indiv\u00edduos podem desbloquear novas possibilidades e alcan\u00e7ar mudan\u00e7as positivas em suas vidas.<\/p>\n<\/div>\n\n\n\n<div class=\"wp-block-group alignwide is-style-default has-global-padding is-layout-constrained wp-container-core-group-is-layout-dd0e32e1 wp-block-group-is-layout-constrained\" style=\"padding-bottom:var(--wp--preset--spacing--30)\">\n<div style=\"height:45px\" aria-hidden=\"true\" class=\"wp-block-spacer\"><\/div>\n\n\n\n<h2 class=\"wp-block-heading has-text-align-left\" style=\"font-size:clamp(21.027px, 1.314rem + ((1vw - 3.2px) * 1.351), 34px);\">Abordagem Preventiva do Keho\u00e4ly\u00ae Body Intelligence\u00ae<\/h2>\n\n\n\n<p>O Keho\u00e4ly\u00ae Body Intelligence\u00ae \u00e9 um m\u00e9todo de sa\u00fade preventiva baseado na ideia de que o movimento pode servir como uma forma poderosa de medicina. A abordagem enfatiza a conex\u00e3o natural entre o corpo e o bem-estar mental, demonstrando como um movimento seguro, cuidadosamente planejado, pode aprimorar significativamente a vitalidade e a sa\u00fade geral de um indiv\u00edduo. Tapio Sippoin destacou que os movimentos nos exerc\u00edcios de Body Intelligence\u00ae s\u00e3o sempre executados de maneira suave e segura, prevenindo les\u00f5es e tornando o m\u00e9todo adequado para indiv\u00edduos de todas as idades e n\u00edveis de condicionamento f\u00edsico.<\/p>\n\n\n\n<p>Focando na sa\u00fade preventiva, o Keho\u00e4ly\u00ae Body Intelligence\u00ae incentiva os indiv\u00edduos a cuidarem de sua sa\u00fade antes que surgam problemas. Ao empregar movimentos suaves e seguros, \u00e9 poss\u00edvel manter a sa\u00fade a longo prazo sem o risco de excesso de esfor\u00e7o ou les\u00f5es. Isso torna o m\u00e9todo altamente compat\u00edvel com outros tratamentos que promovem a sa\u00fade, como interven\u00e7\u00f5es m\u00e9dicas convencionais. O m\u00e9todo apoia a recupera\u00e7\u00e3o e ajuda a restaurar a vitalidade e sa\u00fade de indiv\u00edduos que passaram por doen\u00e7as ou desejam manter seu bem-estar.<\/p>\n<\/div>\n\n\n\n<div class=\"wp-block-group alignwide is-style-default has-global-padding is-layout-constrained wp-container-core-group-is-layout-dd0e32e1 wp-block-group-is-layout-constrained\" style=\"padding-bottom:var(--wp--preset--spacing--30)\">\n<div style=\"height:45px\" aria-hidden=\"true\" id=\"benefits\" class=\"wp-block-spacer\"><\/div>\n\n\n\n<h2 class=\"wp-block-heading has-text-align-left\" style=\"font-size:clamp(21.027px, 1.314rem + ((1vw - 3.2px) * 1.351), 34px);\">Benef\u00edcios da Pr\u00e1tica Regular<\/h2>\n\n\n\n<p>A pr\u00e1tica regular e cont\u00ednua \u00e9 o cerne do m\u00e9todo Keho\u00e4ly\u00ae Body Intelligence\u00ae. Por meio de um treinamento cont\u00ednuo, os praticantes podem experimentar melhorias significativas na sa\u00fade f\u00edsica, clareza mental e equil\u00edbrio emocional. O m\u00e9todo apoia a criatividade, aprimora as habilidades de resolu\u00e7\u00e3o de problemas e ajuda os indiv\u00edduos a entender as complexidades da vida. A pr\u00e1tica regular de Keho\u00e4ly Body Intelligence tamb\u00e9m pode reduzir o estresse e ajudar a alcan\u00e7ar a paz interior.<\/p>\n\n\n\n<p>Al\u00e9m disso, o Keho\u00e4ly\u00ae Body Intelligence\u00ae ajuda a liberar cren\u00e7as negativas armazenadas no corpo, que podem se manifestar como tens\u00e3o f\u00edsica. Essas cren\u00e7as negativas criam bloqueios emocionais e tens\u00e3o no sistema nervoso; no entanto, a pr\u00e1tica regular ajuda a moldar esses padr\u00f5es neurais. Como resultado, cren\u00e7as positivas e mecanismos de coping eficazes s\u00e3o fortalecidos, levando a um sistema nervoso mais resiliente e equilibrado. Os exerc\u00edcios de Keho\u00e4ly\u00ae Body Intelligence\u00ae, como a Forma de Equil\u00edbrio do Sistema Nervoso (NSB Form, Nervous System Balancing Form em ingl\u00eas) e a Forma Vital, s\u00e3o especificamente projetados para apoiar a fun\u00e7\u00e3o do sistema nervoso e melhorar o equil\u00edbrio entre a mente e o corpo.<\/p>\n<\/div>\n\n\n\n<div class=\"wp-block-group alignwide is-style-default has-global-padding is-layout-constrained wp-container-core-group-is-layout-dd0e32e1 wp-block-group-is-layout-constrained\" style=\"padding-bottom:var(--wp--preset--spacing--30)\">\n<div style=\"height:45px\" aria-hidden=\"true\" id=\"tapio\" class=\"wp-block-spacer\"><\/div>\n\n\n\n<h2 class=\"wp-block-heading has-text-align-left\" style=\"font-size:clamp(21.027px, 1.314rem + ((1vw - 3.2px) * 1.351), 34px);\">Tapio Sippoin: Pioneiro do Keho\u00e4ly\u00ae Body Intelligence\u00ae<\/h2>\n\n\n\n<p>Tapio Sippoin \u00e9 um distinto especialista em sa\u00fade e bem-estar finland\u00eas, celebrado como o criador vision\u00e1rio e mestre do inovador m\u00e9todo Keho\u00e4ly\u00ae Body Intelligence\u00ae. Com uma carreira extensa que abrange mais de quatro d\u00e9cadas, Tapio consolidou seu status como uma autoridade de destaque nas \u00e1reas de sa\u00fade, bem-estar e sa\u00fade no local de trabalho. Desde 1983, ele se dedicou \u00e0 ensinan\u00e7a e ao aprimoramento cont\u00ednuo das pr\u00e1ticas de Body Intelligence\u00ae, adaptando a metodologia para atender \u00e0s diversas necessidades de diferentes indiv\u00edduos.<\/p>\n\n\n\n<p>Como um pioneiro no campo da Body Intelligence\u00ae, Sippoin \u00e9 autor de v\u00e1rias obras de n\u00e3o-fic\u00e7\u00e3o focadas em sa\u00fade, bem-estar e capacidade de trabalho. Suas publica\u00e7\u00f5es influentes, incluindo El\u00e4v\u00f6itt\u00e4v\u00e4 liikesarja (2008), Keho\u00e4lyn salaisuudet; kehoetiikan ja Keho\u00e4lyn k\u00e4sikirja (2016) e Terveysmeditaation harjoitus- ja tietokirja (2017), exploram os princ\u00edpios do Keho\u00e4ly Body Intelligence, oferecendo valiosas percep\u00e7\u00f5es tanto para iniciantes quanto para praticantes experientes.<\/p>\n\n\n\n<p>Al\u00e9m de suas contribui\u00e7\u00f5es para a Body Intelligence\u00ae, Tapio Sippoin possui um impressionante hist\u00f3rico acad\u00eamico, possuindo mestrados em Administra\u00e7\u00e3o de Empresas e Educa\u00e7\u00e3o. Sua experi\u00eancia de ensino abrange 23 centros de educa\u00e7\u00e3o de adultos em toda a Finl\u00e2ndia, onde ele compartilhou sua expertise sobre uma ampla gama de t\u00f3picos relacionados \u00e0 sa\u00fade e bem-estar.<\/p>\n\n\n\n<p>A abordagem inovadora de Tapio foi reconhecida internacionalmente, com as marcas registradas Keho\u00e4ly\u00ae e Body Intelligence\u00ae oficialmente registradas em 2003. Essas marcas representam a dedica\u00e7\u00e3o de Tapio em estabelecer um caminho confi\u00e1vel e respeitado para a melhoria da sa\u00fade e bem-estar. Por meio de sua expertise incompar\u00e1vel e genu\u00edno desejo de promover a vitalidade f\u00edsica e mental, Tapio Sippoin se tornou uma figura transformadora na comunidade de bem-estar, inspirando uma nova gera\u00e7\u00e3o de praticantes e indiv\u00edduos que buscam uma vida equilibrada e gratificante.<\/p>\n\n\n\n<p>Para consultas, semin\u00e1rios ou mais informa\u00e7\u00f5es sobre o Keho\u00e4ly\u00ae Body Intelligence\u00ae, entre em contato com Tapio Sippoin:<\/p>\n\n\n\n<div class=\"wp-block-group has-global-padding is-layout-constrained wp-block-group-is-layout-constrained\">\n<div class=\"wp-block-group alignwide is-nowrap is-layout-flex wp-container-core-group-is-layout-6c531013 wp-block-group-is-layout-flex\">\n<figure class=\"wp-block-image size-full\"><img decoding=\"async\" src=\"https:\/\/sippoinfi.wordpress.com\/wp-content\/uploads\/2024\/09\/img_20231003_213846-2.png\" alt=\"\" class=\"wp-image-155\"\/><\/figure>\n\n\n\n<div style=\"height:100px;width:0px\" aria-hidden=\"true\" class=\"wp-block-spacer wp-container-content-6388d5dc\"><\/div>\n\n\n\n<div class=\"wp-block-group alignwide has-global-padding is-layout-constrained wp-container-core-group-is-layout-bea02a06 wp-block-group-is-layout-constrained\" style=\"line-height:0.8\">\n<p style=\"padding-top:0;padding-right:0;padding-bottom:0;padding-left:0\"><strong>Tapio<\/strong> <strong>Sippoin<\/strong><\/p>\n\n\n\n<p>Helsinki, Finland<\/p>\n\n\n\n<p style=\"padding-top:0;padding-right:0;padding-bottom:0;padding-left:0\">+358 50 5328 528<\/p>\n\n\n\n<p style=\"padding-top:0;padding-right:0;padding-bottom:0;padding-left:0\">sippoin@proton.me<\/p>\n<\/div>\n<\/div>\n<\/div>\n<\/div>\n\n\n\n<div class=\"wp-block-group alignfull is-style-section-3 has-contrast-background-color has-background has-global-padding is-layout-constrained wp-container-core-group-is-layout-882f0f21 wp-block-group-is-layout-constrained\" style=\"margin-top:0;margin-bottom:0;padding-bottom:var(--wp--preset--spacing--30)\">\n<div class=\"wp-block-group alignwide has-global-padding is-layout-constrained wp-container-core-group-is-layout-bea02a06 wp-block-group-is-layout-constrained\">\n<div style=\"height:50px\" aria-hidden=\"true\" id=\"aloittelijalle\" class=\"wp-block-spacer\"><\/div>\n\n\n\n<h2 class=\"wp-block-heading has-base-2-color has-text-color has-link-color wp-elements-6a0e031ef9c9cb40ab0a4852911ef41b\" style=\"font-size:clamp(21.027px, 1.314rem + ((1vw - 3.2px) * 1.351), 34px);\">Para Iniciantes: Aprendendo Keho\u00e4ly\u00ae Body Intelligence\u00ae<\/h2>\n\n\n\n<p class=\"has-base-2-color has-text-color has-link-color wp-elements-ec7a6d54eb6a26e0a4bc568ad58bcf84\">Para os iniciantes, o Keho\u00e4ly\u00ae Body Intelligence\u00ae oferece um caminho f\u00e1cil e gratificante para uma melhor sa\u00fade e bem-estar. Como qualquer habilidade, o Keho\u00e4ly Body Intelligence requer pr\u00e1tica e paci\u00eancia. Os iniciantes s\u00e3o incentivados a inicialmente focar nos fundamentos e nos movimentos seguros que formam a base do m\u00e9todo. Com o tempo, os praticantes aprendem a conectar o corpo e a mente em um n\u00edvel mais profundo, e sua vitalidade cresce.<\/p>\n\n\n\n<p class=\"has-base-2-color has-text-color has-link-color wp-elements-921f6d61942f82d07101d39408e6a395\">O processo de aprendizagem \u00e9 gradual e natural, tornando-se adequado para indiv\u00edduos de todas as idades e n\u00edveis de condicionamento f\u00edsico. O Keho\u00e4ly\u00ae Body Intelligence\u00ae encoraja os iniciantes a progredir em seu pr\u00f3prio ritmo, enfatizando a seguran\u00e7a e a consci\u00eancia nos movimentos corporais. Por meio da pr\u00e1tica cont\u00ednua, mesmo os novatos podem alcan\u00e7ar melhorias significativas em sua qualidade de vida, n\u00edveis de energia e senso de prop\u00f3sito.<\/p>\n\n\n\n<div style=\"height:15px\" aria-hidden=\"true\" class=\"wp-block-spacer\"><\/div>\n\n\n\n<div class=\"wp-block-group alignwide has-custom-color-3-background-color has-background has-global-padding is-layout-constrained wp-container-core-group-is-layout-c385debf wp-block-group-is-layout-constrained\" style=\"border-radius:30px;padding-top:var(--wp--preset--spacing--20);padding-right:var(--wp--preset--spacing--20);padding-bottom:var(--wp--preset--spacing--20);padding-left:var(--wp--preset--spacing--20)\">\n<div class=\"wp-block-group alignwide has-global-padding is-layout-constrained wp-container-core-group-is-layout-bea02a06 wp-block-group-is-layout-constrained\">\n<h5 class=\"wp-block-heading has-theme-5-color has-text-color has-link-color wp-elements-484afaba1c43bc321360d95978ae5e06\" style=\"font-size:clamp(15.747px, 0.984rem + ((1vw - 3.2px) * 0.86), 24px);\"><strong>Liga\u00e7\u00f5es<\/strong><\/h5>\n\n\n\n<p class=\"has-theme-5-color has-text-color has-link-color wp-elements-2c9f0146657f6831f3849f642cfbe88f\">Em breve&#8230;<\/p>\n<\/div>\n<\/div>\n<\/div>\n<\/div>\n\n\n\n<div class=\"wp-block-group alignwide has-global-padding is-layout-constrained wp-container-core-group-is-layout-bea02a06 wp-block-group-is-layout-constrained\">\n<div style=\"height:50px\" aria-hidden=\"true\" class=\"wp-block-spacer\"><\/div>\n\n\n\n<div class=\"wp-block-group alignwide has-global-padding is-layout-constrained wp-container-core-group-is-layout-bea02a06 wp-block-group-is-layout-constrained\">\n<h2 class=\"wp-block-heading\" style=\"font-size:clamp(23.043px, 1.44rem + ((1vw - 3.2px) * 1.558), 38px);\">Pr\u00e1tica Avan\u00e7ada no Keho\u00e4ly\u00ae Body Intelligence\u00ae<\/h2>\n\n\n\n<p>Uma conex\u00e3o mais profunda entre o corpo e a mente se desdobra para os praticantes avan\u00e7ados que aprenderam os fundamentos do m\u00e9todo Keho\u00e4ly\u00ae Body Intelligence\u00ae. A pr\u00e1tica avan\u00e7ada de Keho\u00e4ly Body Intelligence \u00e9 uma jornada ao longo da vida. \u00c0 medida que os praticantes crescem e evoluem, eles descobrem novas maneiras de aplicar os princ\u00edpios do Keho\u00e4ly Body Intelligence em suas vidas. Seja por meio de v\u00eddeos instrucionais, escritos abrangentes ou workshops liderados por Tapio Sippoin, h\u00e1 uma abund\u00e2ncia de material dispon\u00edvel para apoiar o desenvolvimento de praticantes avan\u00e7ados.<\/p>\n\n\n\n<div style=\"height:15px\" aria-hidden=\"true\" class=\"wp-block-spacer\"><\/div>\n<\/div>\n\n\n\n<div class=\"wp-block-group alignwide has-custom-color-3-background-color has-background has-global-padding is-layout-constrained wp-container-core-group-is-layout-ea8e1d93 wp-block-group-is-layout-constrained\" style=\"border-radius:30px;padding-top:var(--wp--preset--spacing--20);padding-right:var(--wp--preset--spacing--20);padding-bottom:var(--wp--preset--spacing--20);padding-left:var(--wp--preset--spacing--20)\">\n<div class=\"wp-block-group alignwide has-global-padding is-layout-constrained wp-container-core-group-is-layout-d0cf5142 wp-block-group-is-layout-constrained\" style=\"margin-top:0;margin-bottom:0\">\n<h5 class=\"wp-block-heading has-theme-5-color has-text-color has-link-color wp-elements-5e46f1717d5883ef0a94e9d32bc03659\" style=\"font-size:clamp(15.747px, 0.984rem + ((1vw - 3.2px) * 0.86), 24px);\"><strong><strong>Liga\u00e7\u00f5es<\/strong><\/strong><\/h5>\n\n\n\n<p class=\"has-theme-5-color has-text-color has-link-color wp-elements-2c9f0146657f6831f3849f642cfbe88f\">Em breve&#8230;<\/p>\n<\/div>\n<\/div>\n\n\n\n<div style=\"height:40px\" aria-hidden=\"true\" id=\"Edistyneempien-harjoittelu\" class=\"wp-block-spacer\"><\/div>\n<\/div>\n","protected":false},"excerpt":{"rendered":"<p>M\u00e9todo Keho\u00e4ly\u00ae Body Intelligence\u00ae Bem-vindo \u00e0 biblioteca educacional do m\u00e9todo Keho\u00e4ly\u00ae Body Intelligence\u00ae. Abaixo, voc\u00ea encontrar\u00e1 v\u00eddeos de palestras e v\u00eddeos pr\u00e1ticos instrucionais sobre Keho\u00e4ly\u00ae Body Intelligence\u00ae. Here you can find information about Body Intelligence\u00ae in several languages, including English, French, Spanish, German, Portuguese, Italian, Danish, Dutch, Flemish, Swedish, and Finnish. You can select your [&hellip;]<\/p>\n","protected":false},"author":1,"featured_media":0,"parent":0,"menu_order":0,"comment_status":"closed","ping_status":"closed","template":"page-no-title","meta":{"footnotes":""},"class_list":["post-92","page","type-page","status-publish","hentry"],"_links":{"self":[{"href":"https:\/\/www.sippoin.fi\/index.php\/wp-json\/wp\/v2\/pages\/92","targetHints":{"allow":["GET"]}}],"collection":[{"href":"https:\/\/www.sippoin.fi\/index.php\/wp-json\/wp\/v2\/pages"}],"about":[{"href":"https:\/\/www.sippoin.fi\/index.php\/wp-json\/wp\/v2\/types\/page"}],"author":[{"embeddable":true,"href":"https:\/\/www.sippoin.fi\/index.php\/wp-json\/wp\/v2\/users\/1"}],"replies":[{"embeddable":true,"href":"https:\/\/www.sippoin.fi\/index.php\/wp-json\/wp\/v2\/comments?post=92"}],"version-history":[{"count":16,"href":"https:\/\/www.sippoin.fi\/index.php\/wp-json\/wp\/v2\/pages\/92\/revisions"}],"predecessor-version":[{"id":184,"href":"https:\/\/www.sippoin.fi\/index.php\/wp-json\/wp\/v2\/pages\/92\/revisions\/184"}],"wp:attachment":[{"href":"https:\/\/www.sippoin.fi\/index.php\/wp-json\/wp\/v2\/media?parent=92"}],"curies":[{"name":"wp","href":"https:\/\/api.w.org\/{rel}","templated":true}]}}